x = -7*x + 50. Suppose 5*a - x = 5. List the prime factors of a.
3
Let z(v) be the first derivative of -5*v**2/2 + 6*v - 1. Let o be z(-6). What are the prime factors of (o/10)/(14/35)?
3
Let v be (5/(-10))/((-1)/(-4)). Let j be (6/(-15))/(v/20). Suppose -10 = -2*p + 2*l, j*p + 3*l = 4*l + 17. List the prime factors of p.
2
Suppose 3*o = 5*v + 126 - 36, 0 = v. List the prime factors of o.
2, 3, 5
Let g(j) = j + 1. Let f be g(2). List the prime factors of -5 - -4 - f - -12.
2
Let k be (-2)/8 - (-6)/(-8). Let t = k - -1. Suppose w - 2*g = t, g - 11 = -5*w - 0*g. List the prime factors of w.
2
What are the prime factors of 18/(-8)*208/(-39)?
2, 3
Suppose 14*t = 101 + 67. What are the prime factors of t?
2, 3
Let y(v) be the second derivative of 2*v**3 + v**2/2 + 2*v. What are the prime factors of y(1)?
13
Suppose -9 = -i - 0*i. Let d = i + 6. Suppose -2*g + d = 3*g. What are the prime factors of g?
3
List the prime factors of 5*(-8)/(-60)*93.
2, 31
Suppose 2*n - 10 = -0*n, -3*f = 2*n - 1009. What are the prime factors of f?
3, 37
Let q = -39 - -63. What are the prime factors of q?
2, 3
Let c = 83 + 8. Suppose 2*s + s + 200 = 5*f, -3*f - 4*s = -c. What are the prime factors of f?
37
Suppose -7*l = -3*l - 64. Suppose 4*g = -4*v + l, v - 13 = -4*g - 4*v. What are the prime factors of g?
7
Let h(m) = m + 7. List the prime factors of h(13).
2, 5
Let f(i) = -i**3 + 24*i**2 - 26*i + 2. List the prime factors of f(22).
2, 199
Let c = 1 - 17. Let y(q) = -q**3 - 3*q**2 - 2*q + 2. Let r be y(-4). Let f = r + c. List the prime factors of f.
2, 5
Suppose f + 3 + 5 = 2*h, -3*f = h + 10. Suppose -w - h*w = -6. Suppose 22 = p + 5*c, c - 17 = -w*p - 0*c. List the prime factors of p.
7
Let a be 18/(9/3) - 1. Suppose -a*n + 129 + 116 = 0. What are the prime factors of n?
7
List the prime factors of (377 + -3)/2 - 5.
2, 7, 13
List the prime factors of 6/(-2)*40/(-60).
2
Let a(h) = -2*h + 4. Let q = -4 - -7. Let f be a(q). List the prime factors of f/(-8) + (-78)/(-8).
2, 5
Let t(n) = n**3 - 10*n**2 + 2*n - 13. Let c be t(10). Let v = c + 4. List the prime factors of v.
11
Suppose -5*m + 220 = 2*y, -4*m - 5*y + 230 - 71 = 0. List the prime factors of m.
2, 23
Let x(t) = -3*t - 2. Let o be -7*1 + (-1 - 1). Let g be ((-6)/o)/((-2)/12). List the prime factors of x(g).
2, 5
Let h(b) = -23 + 19 - b - 2*b. List the prime factors of h(-7).
17
Let r = 113 - 81. Suppose -6*w = -4*w - r. What are the prime factors of w?
2
Suppose -s + 9 = 2*s. What are the prime factors of 9/s - (-11 - 0)?
2, 7
Let z = -16 - -9. Let h(u) = -5*u + 10 + 7*u + u**2 + 6*u. What are the prime factors of h(z)?
3
Let n be -4*(3/12 + -1). Suppose 2*o + n*a - 13 = 0, -o - a + 3 = -2. Suppose -o*y + 3*q = -q - 16, y = 4*q. What are the prime factors of y?
2
Let z(s) = -s**2 + 11*s - 7. Let m be z(9). List the prime factors of 0/5 + (m - 1).
2, 5
Let d = 2 + 6. Let x be (-2)/(-5) + d/5. Suppose -x*v + 2 = -5*l - 7, -3*l + 10 = v. List the prime factors of v.
7
Let k = -25 - -36. Let n = 28 - k. List the prime factors of n.
17
Let s(z) = -z + 7. Suppose 5*c - 3*c = 3*v + 22, 0 = -5*c + 2*v + 33. Let d be s(c). Suppose -2*x = d*x - 40. What are the prime factors of x?
2, 5
Let q = 235 - 157. What are the prime factors of q?
2, 3, 13
Let m(r) = r**3 - 4*r**2 - 6*r + 2. Let t be m(5). Let y be -19 - (t + 3 + -1). Let p = 34 + y. List the prime factors of p.
2
Suppose 5*h + 13 - 378 = 0. What are the prime factors of h?
73
Let u = -13 - -12. Let w(l) = l**2 + 1 - 2 + 0 - 2*l. List the prime factors of w(u).
2
Let d be (-3)/(-12) + 201/12. Let j(l) = l**3 - 16*l**2 - 15*l - 8. List the prime factors of j(d).
2, 13
Let x(a) = 3*a**2 + a + 2. Let p be x(2). Suppose -3*w + p = w. List the prime factors of w.
2
Suppose -5*w = -10 - 45. List the prime factors of w.
11
Suppose 2*f - 90 = 5*m, 2*m - 6*m - 156 = -4*f. Let d = 54 - 73. Let q = d + f. List the prime factors of q.
2
Let h = 150 - 14. Suppose h = -4*k + 52. List the prime factors of (-4)/(24/k)*2.
7
Suppose -c = 2*c. Suppose c*x + 12 = x. What are the prime factors of x?
2, 3
Suppose 3*y - 54 - 30 = 0. Suppose 4 = -2*w + y. List the prime factors of w.
2, 3
Let l(i) = -i**3 - 3*i**2 + i + 4. Let s be (4 + 2)/(-1) - -2. What are the prime factors of l(s)?
2
Let i be (16/(-28))/(6/(-21)). Suppose 4*y + d - 45 = 2*d, -33 = -i*y - 3*d. List the prime factors of y.
2, 3
Let q(m) be the third derivative of 0*m**3 + 3*m**2 - 11/24*m**4 + 0 + 0*m. What are the prime factors of q(-2)?
2, 11
List the prime factors of ((-6)/(-9))/((-5)/(-15)) + 377.
379
Let g(n) = n**2 - 2*n - 4. Let z be g(-5). Let b(i) = -i - 1. Let m be b(-4). Suppose -4*u = d - 3*d + 18, 4*d = m*u + z. What are the prime factors of d?
7
Suppose 2*z = 4*w + 6*z - 100, 3*z + 25 = 2*w. List the prime factors of w.
2, 5
Suppose -f + 4*a = -22, 2*a = -5*f + 38 - 16. Suppose -3*r = -f*r + 114. Suppose 4*l - r = 46. List the prime factors of l.
3, 7
Let t be (-2 - -3)/((-2)/(-18)). Let j be t + (-4 - (-2 - 0)). Suppose -4*l - 5*f + j = 0, 0*l - 5*f = 3*l + 1. List the prime factors of l.
2
Suppose 0 = -5*o - 0 + 10. Suppose 0*d = -o*d + 10. What are the prime factors of d?
5
Suppose 0 = -4*k - 3*m + 198, 0*m - 4*m = -8. What are the prime factors of k?
2, 3
Let m(g) = -g**3 - g + 28. Let o be m(0). Suppose a - 5*a = -o. What are the prime factors of a?
7
Let d = -10 + 13. Suppose l = -d*l + 48. List the prime factors of l.
2, 3
Let f(r) = -12*r - 32. Let a(q) = 8*q + 21. Let u(i) = -8*a(i) - 5*f(i). What are the prime factors of u(-12)?
2, 5
Suppose 5*u - y = 2*y + 57, 0 = -u + y + 11. List the prime factors of u.
2, 3
What are the prime factors of (3 + -8 - -49) + 2?
2, 23
Suppose h = 4*o + 10, 5*h + 0*h + 3*o - 4 = 0. List the prime factors of (-3 + -3 + h)*-4.
2
Let l = 29 + -13. Suppose 5*m + 5*o = 2*m + 7, -m = -o + 11. Let d = l + m. What are the prime factors of d?
2, 5
Let c(w) = w**2 + 7*w + 2. Let k be c(-7). What are the prime factors of 2*(k + (0 - 0))?
2
Let r be 0*3/(0 - -3). Suppose -3*y = -r*y - 45. What are the prime factors of y?
3, 5
Suppose 0 = -5*f + 3*u + 27, -3*f - 4*u + 35 = 13. Let l = -4 + f. Suppose 5*n + 6 = 16, 0 = -x + 5*n + l. What are the prime factors of x?
2, 3
Let c(w) = -w**2 + 5*w - 4. Let g be c(6). Let q = 16 + g. What are the prime factors of q?
2, 3
Let l(y) = y**2 - 4*y - 1. Let j be l(-4). Suppose -5*z + 3*z - 11 = -a, 4*a = -5*z + j. List the prime factors of a.
3
List the prime factors of (1/(-3))/(2/(-408)).
2, 17
Let t(s) = -s**2 + 8*s + 9. Let a be t(7). Suppose -a = d - 5*u + u, -u - 11 = -4*d. What are the prime factors of d?
2
What are the prime factors of 0 + 3 - 4*(-1 - 7)?
5, 7
What are the prime factors of (-1)/(102/52 + -2)?
2, 13
Let o be 137/(-5) + (-3)/5. List the prime factors of (2/(-4) - 0)*o.
2, 7
Suppose 2*z = -3*t + 175, 0*t = -2*t + 3*z + 121. List the prime factors of t.
59
Suppose -52 - 11 = 3*p. What are the prime factors of 8/28 + (-288)/p?
2, 7
Let t = 17 + 0. Let c = t - 10. What are the prime factors of c?
7
Let w(z) = 3*z**3 + 22*z**2 - 2. What are the prime factors of w(-7)?
47
Let a(k) = k**3 - 5*k**2 - 5*k + 8. Suppose 0 = 2*b + 2 + 12. Let n = b + 13. What are the prime factors of a(n)?
2, 7
Let w be 4/22 + 93/33. Let y be w/(-6) + (-18)/(-4). Suppose y*v + 5*u - 74 = -25, -5 = -5*u. List the prime factors of v.
11
Let o = 16 - 22. Let p(g) = 4*g + 2*g - 3 - 3*g - 3 + g**2. What are the prime factors of p(o)?
2, 3
What are the prime factors of ((-2 - -52) + 1)/1?
3, 17
Let a(u) be the second derivative of u**5/20 + u**4/2 - 3*u**3/2 + 3*u**2 + 2*u. What are the prime factors of a(-7)?
2, 5
Suppose 3*n + 386 = 5*l, l = 2*n - 0*n + 73. What are the prime factors of l?
79
Suppose -l = 4*l - 30. Suppose l = 4*x - x. Suppose -x*o - 4 = -3*o. List the prime factors of o.
2
Let g(u) = -4*u**2 - u - 1. Let h be g(-1). What are the prime factors of 2/h*-1*4?
2
Let j = 7 - 1. Let s = j + -4. List the prime factors of s.
2
Let f = 53 + -10. What are the prime factors of f?
43
Let f(q) = -q**2 + 4*q + 1. Let b be f(3). Let g = 4 - b. Suppose a + 4*m = -3*a + 52, -2*a - 3*m + 26 = g. List the prime factors of a.
13
Suppose 5*z - 3*g - 51 = -0*g, 5*z + 3*g - 39 = 0. Let s(d) = -d**3 + 9*d**2 + d - 12. Let l be s(z). List the prime fac